 6. Let i be 2/(-5) + (-69)/15. Let f = i + 11. Is 12 a factor of o(f)?
True
Suppose 0 = n - 7 - 13. Is n a multiple of 20?
True
Is (5/((-50)/(-456)))/((-18)/(-120)) a multiple of 19?
True
Let b be 53/(-1) - 3/1. Let x = 84 + b. Does 9 divide x?
False
Let l be (3 + 1)*(5 - 4). Suppose 31 = l*v - 1. Is v a multiple of 5?
False
Let b(s) = -s**3 - 2*s**2 + 5*s + 3. Let j(h) = -5*h. Let d be j(-1). Suppose -d*l - 9 = 11. Does 15 divide b(l)?
True
Suppose 5*u - 51 = 14. Does 7 divide u?
False
Let z(u) = u + 2. Suppose -7*j + 30 = -2*j. Let f be z(j). Let o(n) = -n**2 + 12*n - 2. Is 10 a factor of o(f)?
True
Let y(w) = w**3 - 9*w**2 + w - 3. Let o be y(9). Let q(l) = -6*l + 4. Let p(i) = -i + 1. Let x(u) = -p(u) - q(u). Is x(o) a multiple of 13?
False
Let t(d) = d - 2. Suppose 5*z + 4*c = -22, -5*c = 5*z - 0*c + 25. Let q be (4/(-6))/(z/27). Does 7 divide t(q)?
True
Suppose 4*l - 22 - 82 = 0. Is l a multiple of 4?
False
Suppose -4*v + 0*v - 4*k = 4, -2*v - 1 = 3*k. Let l = v + 2. Suppose -2*s + 0 = a - 7, -4*s = l. Is a a multiple of 5?
False
Let o(n) = n**2 + 2*n - 5. Let u(b) = b - 1. Let s be u(6). Is 10 a factor of o(s)?
True
Let w = -3 + 5. Does 6 divide (16 + w)/(-1 + 2)?
True
Let y(s) = s + 5. Let i be y(-5). Suppose -4*g + 104 = -i*g. Is g a multiple of 13?
True
Suppose 2*k - 6 - 4 = 0. Let d(p) = 5*p**2 - 1 - 1 - 1 + k. Is d(-2) a multiple of 13?
False
Let c(d) = d**2 - 8*d + 4. Let r(s) = -2*s**2 + 9*s - 4. Let x be (-2)/1 + 1/(-1). Let a(m) = x*r(m) - 4*c(m). Does 8 divide a(-4)?
True
Suppose -4*p - 135 = -5*p. Let m = -75 + p. Is m a multiple of 20?
True
Let f = 46 - 32. Is f a multiple of 3?
False
Let k = -16 + -35. Let y = k + 75. Does 12 divide y?
True
Let k(b) be the third derivative of 3*b**5/40 + b**4/12 - b**3/2 + 2*b**2. Let g(a) be the first derivative of k(a). Is g(2) a multiple of 10?
True
Does 6 divide (-7 + -2)*(-2)/1?
True
Does 26 divide (0 - -25)/5 - -87?
False
Suppose 0 = -3*g - b + 7, -2*g = -2*b - b - 23. Suppose g*a + 0*a - 84 = 0. Is a a multiple of 21?
True
Let s(c) = -6*c - 6. Let d be s(-8). Suppose d = -0*z + z. Suppose 3*f - 18 = z. Does 12 divide f?
False
Let q(x) = -x**3 - 7*x**2 + 2*x + 10. Let g be q(-7). Let a(d) = -d**3 - 3*d**2 - 3*d - 10. Is 18 a factor of a(g)?
True
Let g(f) = 8*f + 7. Let y be g(6). Let t = y + -14. Does 13 divide t?
False
Suppose -4*t - 57 = -b, -3*b + 182 = -t + 55. Is b a multiple of 35?
False
Suppose -3*q + 6*q = 36. Is 14 a factor of q/(-42) + (-788)/(-14)?
True
Let x(o) = -o**3 + 11*o**2 + 11*o + 10. Let s be x(12). Is 4 a factor of (-47)/(-6) - s/12?
True
Let x = 49 + -15. Is 18 a factor of x?
False
Let m be 3/(3*(-3)/(-15)). Suppose -84 = -m*k - g - 2*g, 3*k - 54 = -3*g. Is k a multiple of 5?
True
Let z(y) = 8*y + 11. Is z(5) a multiple of 17?
True
Let r = -155 + 367. Suppose 5*x = -r - 328. Let s = x - -165. Is 19 a factor of s?
True
Does 11 divide 40 - (-5 + 0 + 3)?
False
Is (2 + 0)/(3*4/18) even?
False
Let d(m) = 7 + 0*m**2 - 2*m + m**2 + 0*m**2. Let f(t) = -t - 1. Let n be f(-6). Is 11 a factor of d(n)?
True
Let o be -2*3/(-6) + 6. Suppose -2*w = k + 1, 0 = -2*w - o + 3. Does 5 divide (k*-1 + 2)*-10?
True
Suppose -5*i - 4*y + 117 = 0, 2*i + y = 14 + 31. Is 7 a factor of i?
True
Suppose 0 = t + 5*w - 33, -w + 3 = -2*t + 25. Is 3 a factor of t?
False
Is (-687)/(-12) + 0 + 4/(-16) a multiple of 3?
True
Let g = 103 + -85. Is g a multiple of 9?
True
Suppose 2 = b - 0*b. Suppose -2*o + 88 = -4*u, b*o - 3*u - 8 - 82 = 0. Is 13 a factor of o?
False
Suppose -41 + 1 = 5*p - 2*w, 2*p - 3*w = -5. Does 13 divide (78/15)/((-2)/p)?
True
Let g = 68 + -10. Suppose -v + 233 - g = 4*s, 5*s + 5*v = 230. Is s a multiple of 15?
False
Let f(x) = x**2 + x - 24. Is f(7) a multiple of 8?
True
Let z = -2 + 23. Suppose 4*h + 7 + z = 0. Let j(k) = -5*k - 6. Is 13 a factor of j(h)?
False
Suppose -2 = -2*v - 4*x, 5*x + 18 - 3 = -5*v. Let r = v + 7. Suppose -4*q = -r*q - 28. Is 4 a factor of q?
False
Let p = -17 - -26. Suppose 0 = -4*v + p*v - 75. Is v a multiple of 11?
False
Suppose 2*p + p - 45 = 0. Let f be (p/(-6))/(2/(-4)). Let s(z) = -z**3 + 6*z**2 - 5*z + 6. Is s(f) a multiple of 6?
True
Suppose -2*h + 38 = 2*r, -h + 145 = 4*h - 5*r. Does 6 divide h?
True
Let s(i) = -4*i - 7. Does 2 divide s(-3)?
False
Let o(x) = 2*x**3 + 5*x**2 - 4*x + 3. Does 15 divide o(3)?
True
Suppose -2*c - 26 = -4*y, 0*y = -2*y + 5*c + 1. Let a be (-354)/(-11) + (-14)/77. Suppose 5*f - y = a. Is f a multiple of 6?
False
Let y(p) = p**3 + 4*p**2 - 6*p - 2. Let t be y(-5). Suppose -t*q - 5*c + 128 = 0, -48 - 16 = -2*q + 2*c. Is q a multiple of 12?
True
Suppose 5*a = -5*s + 3 - 8, -3*a + 22 = -2*s. Suppose 2*f + 26 = a*f. Is 13 a factor of f?
True
Suppose -i = 4*i - 5. Suppose 9 = 4*v + i. Let t(d) = 6*d - 1. Is t(v) a multiple of 11?
True
Let q(j) = -3*j. Let w be q(-1). Let o be 8/28 - (-1466)/14. Suppose -2*u = w*u - o. Is 21 a factor of u?
True
Let p be (-6 + 16)/((-4)/(-2)). Suppose -40 = -p*f + 5. Does 9 divide f?
True
Let u = 588 - 349. Suppose u = 4*y - 21. Is 22 a factor of y?
False
Let h(x) = 2*x**2 - 5*x + 5. Let b be (-10)/(-1)*(-8)/(-20). Let a be h(b). Suppose -3*f + 10 = -a. Is 4 a factor of f?
False
Is 14 a factor of 21 - -83 - (1 - -1 - -1)?
False
Let a(d) = -d - 3. Let r be (6 + 0)/((-5)/5). Is a(r) even?
False
Suppose 5*t + 4*g = 16, g - 5*g + 16 = 4*t. Suppose t = 5*q - 2*q - 9. Let o = q + 1. Does 2 divide o?
True
Suppose 3*f - 428 = -f. Is 15 a factor of f?
False
Suppose 2*f - 13 + 193 = 0. Let p = -39 - f. Suppose -3*r = -s - p, -2*s + 33 + 25 = 4*r. Is r a multiple of 16?
True
Let f be -4 + 0 + 3 - -1. Suppose 5*l + f = -4*v + 3, 5*v = 4*l + 55. Is 5 a factor of v?
False
Suppose 2 = 2*q - q. Let t(k) = q*k + 14*k**2 - k + 2*k + 3. Is 18 a factor of t(-2)?
False
Suppose 59 - 3 = n. Suppose -10*b = -11*b + n. Does 14 divide b?
True
Let w = -2 + 7. Suppose -2*a - 3*z + 3 + 28 = 0, -w*a + 45 = z. Is a a multiple of 4?
True
Suppose -5*q = 25 - 160. Suppose q = -g + 107. Suppose g = 4*i + 2*u, 2*i + i - 70 = -4*u. Is i a multiple of 9?
True
Let p be (-1)/(-3) + 24/9. Suppose 531 = 4*s + p*q, 84 + 52 = s + 4*q. Let y = -93 + s. Does 14 divide y?
False
Let t be 5 + -3 + 0/2. Let l be 8/2*1/t. Suppose -3*p + l*p + 34 = 4*g, 68 = 2*p - 5*g. Is 12 a factor of p?
False
Let q be 3/(7/(-4) - -1). Let y = 7 + q. Suppose -4*g = -y*g - 19. Is 13 a factor of g?
False
Suppose -2*g = -3*g + 24. Is 21 a factor of g?
False
Let i(t) = 5 - 3*t + 8*t - 1. Let g be i(4). Suppose 3*b + b = -j + 38, 0 = 2*j - 5*b - g. Does 15 divide j?
False
Let v = 6 - 4. Suppose -v*w - 60 = -7*w. Suppose 2*r + w = 56. Is r a multiple of 11?
True
Let o be 5 - (6/2 - 2). Suppose 0*s + 16 = o*s. Is 2 a factor of s?
True
Suppose -m + 39 = -0*k - k, -5*m + 4*k = -192. Is 4 a factor of m?
True
Suppose -3*s - 4*c + c + 120 = 0, -3*s = 4*c - 120. Let t = 66 - s. Is t a multiple of 13?
True
Let j(z) = -49*z - 8. Is j(-3) a multiple of 13?
False
Let q be 52/(-5) - 3/5. Let h be q*3/(-6)*-10. Let w = 85 + h. Does 17 divide w?
False
Let u(c) = -2*c**3 + 2*c**2 + c - 4. Let a be u(3). Let d = a - -64. Is d a multiple of 6?
False
Suppose -b + 4*u = -48, -123 = -2*b - u - 0*u. Is b a multiple of 6?
True
Let c be (9/(-4))/(2/(-136)). Suppose -4*h - c = -7*h. Does 17 divide h?
True
Suppose 0 = z + 2 - 3. Let k be ((-6)/4)/((-7)/(-14)). Let l = z - k. Is l a multiple of 2?
True
Is 7 a factor of 762/21 - (-2)/(-7)?
False
Is 13 a factor of (0 + -1)/((-18)/504)?
False
Let i = 59 - 98. Is (i/(-6))/((-3)/(-6)) a multiple of 13?
True
Let z = 29 - 17. Suppose z = l - 0*l. Is l a multiple of 3?
True
Let q(l) = 5*l + 10. Let j = -10 + 20. Is q(j) a multiple of 20?
True
Let r(c) = -2*c**3 - 2*c**2 - 2*c - 3. Let v be r(-2). Let x = -6 + v. Suppose -2*g - 117 = -x*f, 3*f + 188 = 8*f - g. Is 15 a factor of f?
False
Let o be (3 - 0)/(1/2). Suppose -o + 1 = j + d, -5*j + d = -5. Let s(a) = a**3 + a + 5. Is 5 a factor of s(j)?
True
Let x(k) = k**3 + 16*k**2 - 5*k - 5. Does 15 divide x(-16)?
True
Suppose -4*u + h + 248 = -0*u, -146 = -2*u - 5*h. Is 14 a factor of u?
False
Suppose h = -0*h + 40. Is h a multiple of 20?
True
Suppose -3*l - 2*m + 92 = 0, -5*m = l + 2*l - 104. Let u = 43 - l. Does 8 divide u?
False
Let b(h) be the first derivative of 2*h**3/3 + 7*h**2 - 10*h - 6. 